{"id":10348,"date":"2019-05-01T11:14:44","date_gmt":"2019-05-01T14:14:44","guid":{"rendered":"https:\/\/hospitalurologico.com.br\/wp\/?page_id=10348"},"modified":"2020-04-08T11:56:46","modified_gmt":"2020-04-08T14:56:46","slug":"orientacoes-e-preparos-de-exames","status":"publish","type":"page","link":"https:\/\/hubrasilia.com.br\/index.php\/orientacoes-e-preparos-de-exames\/","title":{"rendered":"Orienta\u00e7\u00f5es e Preparos de Exames"},"content":{"rendered":"<div><img decoding=\"async\" class=\"wp-image-10349 alignright\" src=\"https:\/\/hospitalurologico.com.br\/wp\/wp-content\/uploads\/2019\/05\/Logo-_HUExames-248x300.png\" alt=\"\" width=\"103\" height=\"125\" srcset=\"https:\/\/hubrasilia.com.br\/wp-content\/uploads\/2019\/05\/Logo-_HUExames-248x300.png 248w, https:\/\/hubrasilia.com.br\/wp-content\/uploads\/2019\/05\/Logo-_HUExames.png 382w\" sizes=\"(max-width: 103px) 100vw, 103px\" \/>O HUExames\u00a0 foi idealizado para oferecer conforto e comodidade aos pacientes do Hospital Urol\u00f3gico e, tamb\u00e9m, de outras especialidades. Sua estrutura conta com investimentos em espa\u00e7o f\u00edsico, os mais modernos equipamentos existentes no mercado e um pessoal bem treinado para o melhor atendimento. Temos como filosofia o atendimento com qualidade e de forma humanizada \u00e0 uma demanda de diversos pacientes para uma s\u00e9rie de exames.<\/div>\n<div>\n<p>Para mais informa\u00e7\u00f5es entre em contato conosco pelo telefone (61) 3345-9300 ou pelo nosso Whatsapp: <a href=\"https:\/\/hospitalurologico.com.br\/wp\/recommends\/whatsapp\/\">+55(61)99947-7815<\/a><\/p>\n<\/div>\n<div align=\"justify\"><strong>Atendemos de segunda a sexta das 7:00 as 19:00 horas e aos s\u00e1bados das 7:00 as 13:00 horas.<\/strong><\/div>\n<div align=\"justify\"><\/div>\n<p align=\"justify\"><strong>Para orienta\u00e7\u00f5es e preparos para exames, clique no servi\u00e7o desejado:<\/strong><\/p>\n<p><a href=\"https:\/\/hubrasilia.com.br\/index.php\/orientacoes-e-preparos-para-biopsias-prostaticas\/\">Bi\u00f3psia Prost\u00e1tica com Seda\u00e7\u00e3o<\/a><\/p>\n<p align=\"justify\"><a href=\"https:\/\/hubrasilia.com.br\/index.php\/orientacoes-e-preparos-para-exames-de-ultra-sonografia\/\">Ultra-sonografia<\/a><\/p>\n<p align=\"justify\"><a href=\"\/orientacoes-e-preparos-para-exames-de-estudo-urodinamico\/\">Estudo Urodin\u00e2mico<\/a><\/p>\n<p align=\"justify\"><a href=\"https:\/\/hubrasilia.com.br\/wp\/index.php\/orientacoes-e-preparos-para-exames-de-laboratorio-de-analises-clinicas\/\">Exames Laboratoriais (An\u00e1lises Cl\u00ednicas)<\/a><\/p>\n<p align=\"justify\"><a href=\"\/orientacoes-e-preparos-para-exames-de-tomografia-computadorizada\/\">Tomografia Computadorizada<\/a><\/p>\n","protected":false},"excerpt":{"rendered":"<p>O HUExames\u00a0 foi idealizado para oferecer conforto e comodidade aos pacientes do Hospital Urol\u00f3gico e, tamb\u00e9m, de outras especialidades. Sua estrutura conta com investimentos em espa\u00e7o f\u00edsico, os mais modernos equipamentos existentes no mercado e um pessoal bem treinado para o melhor atendimento. Temos como filosofia o atendimento com qualidade e de forma humanizada \u00e0 [&hellip;]<\/p>\n","protected":false},"author":1,"featured_media":0,"parent":0,"menu_order":0,"comment_status":"closed","ping_status":"closed","template":"","meta":{"footnotes":""},"class_list":["post-10348","page","type-page","status-publish","hentry"],"yoast_head":"<!-- This site is optimized with the Yoast SEO plugin v27.4 - https:\/\/yoast.com\/product\/yoast-seo-wordpress\/ -->\n<title>Orienta\u00e7\u00f5es e Preparos de Exames - Hospital Urol\u00f3gico<\/title>\n<meta name=\"robots\" content=\"index, follow, max-snippet:-1, max-image-preview:large, max-video-preview:-1\" \/>\n<link rel=\"canonical\" href=\"https:\/\/hubrasilia.com.br\/index.php\/orientacoes-e-preparos-de-exames\/\" \/>\n<meta property=\"og:locale\" content=\"pt_BR\" \/>\n<meta property=\"og:type\" content=\"article\" \/>\n<meta property=\"og:title\" content=\"Orienta\u00e7\u00f5es e Preparos de Exames - Hospital Urol\u00f3gico\" \/>\n<meta property=\"og:description\" content=\"O HUExames\u00a0 foi idealizado para oferecer conforto e comodidade aos pacientes do Hospital Urol\u00f3gico e, tamb\u00e9m, de outras especialidades. Sua estrutura conta com investimentos em espa\u00e7o f\u00edsico, os mais modernos equipamentos existentes no mercado e um pessoal bem treinado para o melhor atendimento. Temos como filosofia o atendimento com qualidade e de forma humanizada \u00e0 [&hellip;]\" \/>\n<meta property=\"og:url\" content=\"https:\/\/hubrasilia.com.br\/index.php\/orientacoes-e-preparos-de-exames\/\" \/>\n<meta property=\"og:site_name\" content=\"Hospital Urol\u00f3gico\" \/>\n<meta property=\"article:publisher\" content=\"https:\/\/facebook.com\/hospitalurologico\/\" \/>\n<meta property=\"article:modified_time\" content=\"2020-04-08T14:56:46+00:00\" \/>\n<meta property=\"og:image\" content=\"https:\/\/hospitalurologico.com.br\/wp\/wp-content\/uploads\/2019\/05\/Logo-_HUExames-248x300.png\" \/>\n<meta name=\"twitter:card\" content=\"summary_large_image\" \/>\n<meta name=\"twitter:site\" content=\"@HUBrasilia\" \/>\n<meta name=\"twitter:label1\" content=\"Est. tempo de leitura\" \/>\n\t<meta name=\"twitter:data1\" content=\"1 minuto\" \/>\n<script type=\"application\/ld+json\" class=\"yoast-schema-graph\">{\"@context\":\"https:\\\/\\\/schema.org\",\"@graph\":[{\"@type\":\"WebPage\",\"@id\":\"https:\\\/\\\/hubrasilia.com.br\\\/index.php\\\/orientacoes-e-preparos-de-exames\\\/\",\"url\":\"https:\\\/\\\/hubrasilia.com.br\\\/index.php\\\/orientacoes-e-preparos-de-exames\\\/\",\"name\":\"Orienta\u00e7\u00f5es e Preparos de Exames - Hospital Urol\u00f3gico\",\"isPartOf\":{\"@id\":\"https:\\\/\\\/hubrasilia.com.br\\\/#website\"},\"primaryImageOfPage\":{\"@id\":\"https:\\\/\\\/hubrasilia.com.br\\\/index.php\\\/orientacoes-e-preparos-de-exames\\\/#primaryimage\"},\"image\":{\"@id\":\"https:\\\/\\\/hubrasilia.com.br\\\/index.php\\\/orientacoes-e-preparos-de-exames\\\/#primaryimage\"},\"thumbnailUrl\":\"https:\\\/\\\/hospitalurologico.com.br\\\/wp\\\/wp-content\\\/uploads\\\/2019\\\/05\\\/Logo-_HUExames-248x300.png\",\"datePublished\":\"2019-05-01T14:14:44+00:00\",\"dateModified\":\"2020-04-08T14:56:46+00:00\",\"breadcrumb\":{\"@id\":\"https:\\\/\\\/hubrasilia.com.br\\\/index.php\\\/orientacoes-e-preparos-de-exames\\\/#breadcrumb\"},\"inLanguage\":\"pt-BR\",\"potentialAction\":[{\"@type\":\"ReadAction\",\"target\":[\"https:\\\/\\\/hubrasilia.com.br\\\/index.php\\\/orientacoes-e-preparos-de-exames\\\/\"]}]},{\"@type\":\"ImageObject\",\"inLanguage\":\"pt-BR\",\"@id\":\"https:\\\/\\\/hubrasilia.com.br\\\/index.php\\\/orientacoes-e-preparos-de-exames\\\/#primaryimage\",\"url\":\"https:\\\/\\\/hospitalurologico.com.br\\\/wp\\\/wp-content\\\/uploads\\\/2019\\\/05\\\/Logo-_HUExames-248x300.png\",\"contentUrl\":\"https:\\\/\\\/hospitalurologico.com.br\\\/wp\\\/wp-content\\\/uploads\\\/2019\\\/05\\\/Logo-_HUExames-248x300.png\"},{\"@type\":\"BreadcrumbList\",\"@id\":\"https:\\\/\\\/hubrasilia.com.br\\\/index.php\\\/orientacoes-e-preparos-de-exames\\\/#breadcrumb\",\"itemListElement\":[{\"@type\":\"ListItem\",\"position\":1,\"name\":\"In\u00edcio\",\"item\":\"https:\\\/\\\/hubrasilia.com.br\\\/\"},{\"@type\":\"ListItem\",\"position\":2,\"name\":\"Orienta\u00e7\u00f5es e Preparos de Exames\"}]},{\"@type\":\"WebSite\",\"@id\":\"https:\\\/\\\/hubrasilia.com.br\\\/#website\",\"url\":\"https:\\\/\\\/hubrasilia.com.br\\\/\",\"name\":\"HOSPITAL UROLOGICO DE BRASILIA\\\/DF\",\"description\":\"Refer\u00eancia em Urologia - Asa Sul - Bras\u00edlia\\\/DF\",\"publisher\":{\"@id\":\"https:\\\/\\\/hubrasilia.com.br\\\/#organization\"},\"potentialAction\":[{\"@type\":\"SearchAction\",\"target\":{\"@type\":\"EntryPoint\",\"urlTemplate\":\"https:\\\/\\\/hubrasilia.com.br\\\/?s={search_term_string}\"},\"query-input\":{\"@type\":\"PropertyValueSpecification\",\"valueRequired\":true,\"valueName\":\"search_term_string\"}}],\"inLanguage\":\"pt-BR\"},{\"@type\":\"Organization\",\"@id\":\"https:\\\/\\\/hubrasilia.com.br\\\/#organization\",\"name\":\"HOSPITAL UROLOGICO DE BRASILIA\\\/DF\",\"url\":\"https:\\\/\\\/hubrasilia.com.br\\\/\",\"logo\":{\"@type\":\"ImageObject\",\"inLanguage\":\"pt-BR\",\"@id\":\"https:\\\/\\\/hubrasilia.com.br\\\/#\\\/schema\\\/logo\\\/image\\\/\",\"url\":\"https:\\\/\\\/hubrasilia.com.br\\\/wp-content\\\/uploads\\\/2020\\\/02\\\/logo-small.png\",\"contentUrl\":\"https:\\\/\\\/hubrasilia.com.br\\\/wp-content\\\/uploads\\\/2020\\\/02\\\/logo-small.png\",\"width\":185,\"height\":89,\"caption\":\"HOSPITAL UROLOGICO DE BRASILIA\\\/DF\"},\"image\":{\"@id\":\"https:\\\/\\\/hubrasilia.com.br\\\/#\\\/schema\\\/logo\\\/image\\\/\"},\"sameAs\":[\"https:\\\/\\\/facebook.com\\\/hospitalurologico\\\/\",\"https:\\\/\\\/x.com\\\/HUBrasilia\",\"https:\\\/\\\/hubrasilia.com.br\\\/index.php\\\/link\\\/instagram\\\/\",\"https:\\\/\\\/hubrasilia.com.br\\\/index.php\\\/link\\\/youtube\\\/\"]}]}<\/script>\n<!-- \/ Yoast SEO plugin. -->","yoast_head_json":{"title":"Orienta\u00e7\u00f5es e Preparos de Exames - Hospital Urol\u00f3gico","robots":{"index":"index","follow":"follow","max-snippet":"max-snippet:-1","max-image-preview":"max-image-preview:large","max-video-preview":"max-video-preview:-1"},"canonical":"https:\/\/hubrasilia.com.br\/index.php\/orientacoes-e-preparos-de-exames\/","og_locale":"pt_BR","og_type":"article","og_title":"Orienta\u00e7\u00f5es e Preparos de Exames - Hospital Urol\u00f3gico","og_description":"O HUExames\u00a0 foi idealizado para oferecer conforto e comodidade aos pacientes do Hospital Urol\u00f3gico e, tamb\u00e9m, de outras especialidades. Sua estrutura conta com investimentos em espa\u00e7o f\u00edsico, os mais modernos equipamentos existentes no mercado e um pessoal bem treinado para o melhor atendimento. Temos como filosofia o atendimento com qualidade e de forma humanizada \u00e0 [&hellip;]","og_url":"https:\/\/hubrasilia.com.br\/index.php\/orientacoes-e-preparos-de-exames\/","og_site_name":"Hospital Urol\u00f3gico","article_publisher":"https:\/\/facebook.com\/hospitalurologico\/","article_modified_time":"2020-04-08T14:56:46+00:00","og_image":[{"url":"https:\/\/hospitalurologico.com.br\/wp\/wp-content\/uploads\/2019\/05\/Logo-_HUExames-248x300.png","type":"","width":"","height":""}],"twitter_card":"summary_large_image","twitter_site":"@HUBrasilia","twitter_misc":{"Est. tempo de leitura":"1 minuto"},"schema":{"@context":"https:\/\/schema.org","@graph":[{"@type":"WebPage","@id":"https:\/\/hubrasilia.com.br\/index.php\/orientacoes-e-preparos-de-exames\/","url":"https:\/\/hubrasilia.com.br\/index.php\/orientacoes-e-preparos-de-exames\/","name":"Orienta\u00e7\u00f5es e Preparos de Exames - Hospital Urol\u00f3gico","isPartOf":{"@id":"https:\/\/hubrasilia.com.br\/#website"},"primaryImageOfPage":{"@id":"https:\/\/hubrasilia.com.br\/index.php\/orientacoes-e-preparos-de-exames\/#primaryimage"},"image":{"@id":"https:\/\/hubrasilia.com.br\/index.php\/orientacoes-e-preparos-de-exames\/#primaryimage"},"thumbnailUrl":"https:\/\/hospitalurologico.com.br\/wp\/wp-content\/uploads\/2019\/05\/Logo-_HUExames-248x300.png","datePublished":"2019-05-01T14:14:44+00:00","dateModified":"2020-04-08T14:56:46+00:00","breadcrumb":{"@id":"https:\/\/hubrasilia.com.br\/index.php\/orientacoes-e-preparos-de-exames\/#breadcrumb"},"inLanguage":"pt-BR","potentialAction":[{"@type":"ReadAction","target":["https:\/\/hubrasilia.com.br\/index.php\/orientacoes-e-preparos-de-exames\/"]}]},{"@type":"ImageObject","inLanguage":"pt-BR","@id":"https:\/\/hubrasilia.com.br\/index.php\/orientacoes-e-preparos-de-exames\/#primaryimage","url":"https:\/\/hospitalurologico.com.br\/wp\/wp-content\/uploads\/2019\/05\/Logo-_HUExames-248x300.png","contentUrl":"https:\/\/hospitalurologico.com.br\/wp\/wp-content\/uploads\/2019\/05\/Logo-_HUExames-248x300.png"},{"@type":"BreadcrumbList","@id":"https:\/\/hubrasilia.com.br\/index.php\/orientacoes-e-preparos-de-exames\/#breadcrumb","itemListElement":[{"@type":"ListItem","position":1,"name":"In\u00edcio","item":"https:\/\/hubrasilia.com.br\/"},{"@type":"ListItem","position":2,"name":"Orienta\u00e7\u00f5es e Preparos de Exames"}]},{"@type":"WebSite","@id":"https:\/\/hubrasilia.com.br\/#website","url":"https:\/\/hubrasilia.com.br\/","name":"HOSPITAL UROLOGICO DE BRASILIA\/DF","description":"Refer\u00eancia em Urologia - Asa Sul - Bras\u00edlia\/DF","publisher":{"@id":"https:\/\/hubrasilia.com.br\/#organization"},"potentialAction":[{"@type":"SearchAction","target":{"@type":"EntryPoint","urlTemplate":"https:\/\/hubrasilia.com.br\/?s={search_term_string}"},"query-input":{"@type":"PropertyValueSpecification","valueRequired":true,"valueName":"search_term_string"}}],"inLanguage":"pt-BR"},{"@type":"Organization","@id":"https:\/\/hubrasilia.com.br\/#organization","name":"HOSPITAL UROLOGICO DE BRASILIA\/DF","url":"https:\/\/hubrasilia.com.br\/","logo":{"@type":"ImageObject","inLanguage":"pt-BR","@id":"https:\/\/hubrasilia.com.br\/#\/schema\/logo\/image\/","url":"https:\/\/hubrasilia.com.br\/wp-content\/uploads\/2020\/02\/logo-small.png","contentUrl":"https:\/\/hubrasilia.com.br\/wp-content\/uploads\/2020\/02\/logo-small.png","width":185,"height":89,"caption":"HOSPITAL UROLOGICO DE BRASILIA\/DF"},"image":{"@id":"https:\/\/hubrasilia.com.br\/#\/schema\/logo\/image\/"},"sameAs":["https:\/\/facebook.com\/hospitalurologico\/","https:\/\/x.com\/HUBrasilia","https:\/\/hubrasilia.com.br\/index.php\/link\/instagram\/","https:\/\/hubrasilia.com.br\/index.php\/link\/youtube\/"]}]}},"_links":{"self":[{"href":"https:\/\/hubrasilia.com.br\/index.php\/wp-json\/wp\/v2\/pages\/10348","targetHints":{"allow":["GET"]}}],"collection":[{"href":"https:\/\/hubrasilia.com.br\/index.php\/wp-json\/wp\/v2\/pages"}],"about":[{"href":"https:\/\/hubrasilia.com.br\/index.php\/wp-json\/wp\/v2\/types\/page"}],"author":[{"embeddable":true,"href":"https:\/\/hubrasilia.com.br\/index.php\/wp-json\/wp\/v2\/users\/1"}],"replies":[{"embeddable":true,"href":"https:\/\/hubrasilia.com.br\/index.php\/wp-json\/wp\/v2\/comments?post=10348"}],"version-history":[{"count":0,"href":"https:\/\/hubrasilia.com.br\/index.php\/wp-json\/wp\/v2\/pages\/10348\/revisions"}],"wp:attachment":[{"href":"https:\/\/hubrasilia.com.br\/index.php\/wp-json\/wp\/v2\/media?parent=10348"}],"curies":[{"name":"wp","href":"https:\/\/api.w.org\/{rel}","templated":true}]}}